 = 0. List the prime factors of 13 + r*(-3)/(-2).
2, 5
Let t(f) = -f**2 + 0*f**2 - 11 + 2*f + 7*f + 1. Let q be t(7). Suppose a + 3*s - 4*s - 6 = 0, 0 = -s - q. List the prime factors of a.
2
Let s(v) = v**2 + 8*v + 10. Let p(r) = r**2 - r - 3. Let f be p(5). Suppose 18 = -5*x - f. List the prime factors of s(x).
3
Let f(p) = p**3 - 6*p**2 + 3*p - 5. Let j(t) = 9 + 4 - 4 - 7*t - 5*t**3 + 3*t**3 + 12*t**2. Let o(z) = -5*f(z) - 3*j(z). List the prime factors of o(5).
3
Let k(t) = 2*t**2 - 17*t + 9. What are the prime factors of k(11)?
2
Let a(f) = -f**2 - 7*f + 4. Let t be a(-7). Suppose -y = -s - 0*s + 9, t*s - 43 = -3*y. List the prime factors of s.
2, 5
Let m(j) = j**3 + 7*j**2 + 6*j + 7. Let h be m(-5). Let s = 76 - h. What are the prime factors of s?
7
Suppose 0 = -o + 4*m + 18, 3*m - 5*m = -5*o + 18. Let v = 16 + o. List the prime factors of v.
2, 3
Let f(q) = 2*q - 7. Let a(i) = -5*i + 21. Let u(m) = 3*a(m) + 8*f(m). Let g be u(-5). What are the prime factors of -1 - ((-14)/g - 1)?
7
Let f(z) = -z - 3. Let r(y) = -6*y - 14. Suppose w - 4 = -1. Let c(l) = w*r(l) - 16*f(l). List the prime factors of c(-5).
2
Let g = 123 + -84. What are the prime factors of g?
3, 13
Let q = -2 + 8. What are the prime factors of q?
2, 3
Let k(x) = -x**2 - 10*x - 9. Let w be k(-6). Suppose 4*v = -2*l - 3*l + w, -4*v - 4*l = -20. What are the prime factors of v?
2, 5
Let c(y) = 15*y**2 - 5*y - 11. What are the prime factors of c(-4)?
3, 83
What are the prime factors of (-3)/(-6) + -1 + (-717)/(-6)?
7, 17
Suppose 3*c - 2*y = 57, 2*y - 72 = -3*c - y. What are the prime factors of c?
3, 7
Suppose 77 = 8*k - 163. List the prime factors of k.
2, 3, 5
Let q(h) = -5*h - 2. Let o(j) = 5*j + 1. Let m(p) = 4*o(p) + 3*q(p). What are the prime factors of m(2)?
2
Suppose -4*n + 3*n = a - 147, n = 5*a + 177. What are the prime factors of n?
2, 19
Let w be (2 + 36/(-15))*-5. Let s = w - -3. What are the prime factors of s?
5
Let q be 0 - (12 + 3)*-1. Suppose 0 = 2*j + 22 - 68. Let i = j - q. List the prime factors of i.
2
Let p be 4/8*28/(-2). Let t(l) = -l + 5. List the prime factors of t(p).
2, 3
Let n(p) = -p**3 + 3*p + 1. Let r = -5 + 3. Let s be n(r). Suppose 0 = 3*c + 2*a - 17, a = c + s*a - 11. What are the prime factors of c?
3
Let w = 8 - 8. Suppose 14 = p - w*p. What are the prime factors of p?
2, 7
Suppose -2*c = -u + 18, -2*u + 0*c - c + 31 = 0. Suppose 48 + u = 2*k. What are the prime factors of k?
2
What are the prime factors of 13*(-3 - -8 - 1)?
2, 13
Suppose 0*w - 4*w = -220. Suppose -m = b - 23, -20 = b + 5*m - w. Suppose 3*l = 5*l - b. List the prime factors of l.
2, 5
Suppose 10*l = 11*l - 48. List the prime factors of l.
2, 3
Suppose 0*u = 2*u - 4. Suppose -u*z + 37 - 3 = 0. List the prime factors of z.
17
Suppose 0*y = -y + 3*p + 98, -5*y + 502 = -3*p. List the prime factors of y.
101
Let i(w) = -w**3 + 1. Let y(m) = m**3 - 3*m**2 + m + 1. Let t be y(2). Let u = -2 - t. What are the prime factors of i(u)?
2
Let u be ((-20)/2)/(2/(-4)). Let w = 0 - 10. Let p = w + u. List the prime factors of p.
2, 5
Let o be (4/3)/(4/(-54)). Let q be 0/2 + 2 - o. Suppose 6*k = k + q. List the prime factors of k.
2
Suppose v - 5 = -3. Suppose -v*i + 28 = -14. What are the prime factors of i?
3, 7
Let q(h) = -h**3 + 6*h**2 - 2*h + 4. Let o be q(6). Let k = -26 + 40. Let a = o + k. List the prime factors of a.
2, 3
Let q(a) be the second derivative of a**5/20 + a**4/3 - a**3 - 3*a**2/2 + 3*a. List the prime factors of q(-5).
2
List the prime factors of -1*(-359 - -4)/5.
71
Suppose 3*v - 94 = -o, 3*v + 29 = 3*o - 217. List the prime factors of o.
5, 17
Suppose -3*t = -5*f + 13, 5*f = 2*t - 0*f + 7. Let r(c) = -c**2 - 8*c + 2. What are the prime factors of r(t)?
2, 7
Let o(v) = -5 + 2*v + 5*v - v**2 + 11. Let a be o(6). Suppose -4*y - 21 = -g, 2*y - a = -3*g - g. What are the prime factors of g?
5
Suppose 3 = -4*i + 4*y - 5, -3*i = y + 18. Let w(j) = j**3 + 5*j**2 - 2*j - 7. What are the prime factors of w(i)?
3
Suppose -5*q - 4 = 2*h, -5*h = -q - 6*h - 2. Suppose -a + 0*a - 2 = q. What are the prime factors of (4/8)/(a/(-56))?
2, 7
Let f(j) = j**2 + 2*j + 7. What are the prime factors of f(-6)?
31
Suppose -b = -41 - 90. What are the prime factors of b?
131
Suppose -2*u + 5*m = -361, -4*m = 3*u - 466 - 41. What are the prime factors of u?
173
Suppose 15 + 87 = -3*f. Let d = -17 - f. What are the prime factors of d?
17
Let i be (-3)/(-6)*-2 + 4. Suppose 0 = i*f - 4 - 8. List the prime factors of f.
2
Let i(f) = -f**3 - 7*f**2 + f + 10. What are the prime factors of i(-7)?
3
Let v(q) = 6*q**3 - 2*q**2 + 1. Let r be v(-1). Let o(g) = -9*g - 5. Let x be o(r). Suppose 5*d + 13 = x. What are the prime factors of d?
3
Let a be 3/12 + (-1049)/4. List the prime factors of (-6)/(-33) + a/(-11).
2, 3
Let k be 3 + -6 + (-4)/(-2). Let c be 1*2*(-33)/(-6). What are the prime factors of c + (2 - 3) + k?
3
Suppose 5*j + 4 = -5*i - 1, 4 = -4*i. Suppose j = -n + 4*n - 33. List the prime factors of n.
11
List the prime factors of 63 - 6/8*4.
2, 3, 5
Suppose 0 = 9*r - 4*r - 200. What are the prime factors of r?
2, 5
Let k(i) = i**3 + 7*i**2 + 7*i + 9. Let f be k(-6). Suppose f*m = -0*m + 21. What are the prime factors of m?
7
Suppose 15 = 4*x - 33. What are the prime factors of (-5)/((-3)/x + 0)?
2, 5
Suppose -5*c - 5*b + 1012 - 112 = 0, 0 = -2*c + 5*b + 388. What are the prime factors of c?
2, 23
Let t be (-2)/(-1 + 5 + -2). What are the prime factors of (2/4)/(t/(-34))?
17
Let h = -2 + -5. Let p be 18/((-3 - -5)/1). Let w = p + h. List the prime factors of w.
2
Let w(z) = 15*z - 1. Suppose 0 = -3*y + 4 - 1. What are the prime factors of w(y)?
2, 7
List the prime factors of (-5580)/(-70) - (-4)/14.
2, 5
Suppose h - 4*h - 26 = -2*i, 5*i - 4*h = 51. Let v(c) be the first derivative of c**4/4 - 7*c**3/3 + c**2/2 + 3*c - 1. What are the prime factors of v(i)?
2, 5
Let b = -2 + 7. Suppose b*x - s = -0*s + 16, -4*s = 4. Suppose 28 = 7*u - x*u. What are the prime factors of u?
7
Let h = -6 + 0. Let v be h/(-4) + 9/6. What are the prime factors of v/(-2)*(-10 + 2)?
2, 3
Let y = -1 - -3. Suppose -y*q + q = -21. Suppose 0 = -s + 4*k + q, -s + 21 = s - k. What are the prime factors of s?
3
Suppose -2*w - 3*w - 13 = r, r + 2*w + 10 = 0. Let o be (1 - 1)/2 - 14. Let t = r - o. What are the prime factors of t?
2, 3
Suppose 3*v - 925 + 33 = 5*b, 0 = 3*v + 4*b - 874. What are the prime factors of v?
2, 3, 7
Suppose -2*h + 5 = 3*s - 9, 6 = 3*s. Let g = h + -1. Suppose 2*y = g*v - 26, 4*v - 3*y - 12 - 23 = 0. List the prime factors of v.
2
Suppose 5*l = -14 - 26. Let f = -6 - l. List the prime factors of f.
2
Let r(f) = 12*f - 4. Let p(s) = s**2 - 3*s - 3. Let a be p(-2). Let n be r(a). Suppose 5*g = -5*x + n, 3*x - g + 2*g = 40. List the prime factors of x.
2, 3
Suppose -2*r - 13 - 25 = 0. Let y = 33 + r. What are the prime factors of y?
2, 7
Suppose 4*r - 93 = r. List the prime factors of r.
31
Let g = -8 - -8. Let f = 6 + -2. Suppose g = p + f*p - 60. List the prime factors of p.
2, 3
Suppose -20 = 3*q + 7. What are the prime factors of (-40)/12*q/6?
5
Suppose 2*h - 98 = z, z - 220 = -4*h - 3*z. List the prime factors of h.
3, 17
Let o = -30 + 54. Suppose -h - 3*n = -o, 3*h + 2*n + 0*n = 72. List the prime factors of h.
2, 3
Let g(y) = y**3 + 10*y**2 - 4*y - 11. Let r be g(-10). Let t = 50 - r. List the prime factors of t.
3, 7
Suppose 0*p = 2*p - 28. List the prime factors of p.
2, 7
Suppose -u = 2 - 3. Let i(j) = -j**2 - 4 - 7*j - u + 1. List the prime factors of i(-5).
2, 3
Let l(a) = -a - 8. Let j be l(-6). Let n be (-4 + 5/2)*26/3. Let b = j - n. List the prime factors of b.
11
Let p(n) = -n**2 - 9*n - 12. Let w be p(-7). Suppose -w*i = -7*i + 200. What are the prime factors of i?
2, 5
Let n(z) = -z**3 + 2*z**2 - 7*z + 12. List the prime factors of n(-5).
2, 3, 37
Let k = 6 + -4. Suppose -t - k = 2*i, -i + 2*i = t + 2. List the prime factors of 105/10 + (-1)/t.
11
Let b = -10 - -19. Suppose 4*q = -8, 2*i - 4*q - 3 - b = 0. Suppose 4*o = -5*z + 23, -z - 5*o + i = -11. List the prime factors of z.
3
Let b = 94 - -47. List the prime factors of b.
3, 47
Suppose -5*c = -c - 16. Let g(v) = 0*v + 0*v + 3*v - 4. What are the prime factors of g(c)?
2
Let t = -16 - -16. Suppose -7*a + 8*a - 10 = t. List the pr